u + 1. What is k(1)?
-22
Let s(b) = -2*b**3 - 5*b**2 + 12*b + 10. Calculate s(-5).
75
Let p(j) = -4*j**2 + 27*j + 6. Give p(7).
-1
Let s(m) = -5*m + 8. What is s(6)?
-22
Let p(v) = v**2 - 14*v + 15. Calculate p(12).
-9
Let a(l) = 16*l - 94. What is a(7)?
18
Let g(n) = -n**3 - n - 37. Calculate g(0).
-37
Let w(v) = v**3 + 3*v**2 + v + 4. What is w(-3)?
1
Let b(n) = 2*n - 8. Determine b(7).
6
Let z(w) = 2*w - 5. Determine z(4).
3
Let l(q) = -19*q + 19. Calculate l(13).
-228
Let r(d) = -5*d - 1. What is r(1)?
-6
Let h(l) = -l**3 + 15*l**2 - 2*l + 15. Determine h(15).
-15
Let x(t) = 12*t**3 - 2*t**2 + 4*t - 2. What is x(2)?
94
Let b(o) = 13*o - 798. Calculate b(61).
-5
Let v(f) = -27*f + 180. What is v(6)?
18
Let u(c) = 6*c + 9. Calculate u(-4).
-15
Let b(v) = -v**3 + 34*v**2 + 37*v - 78. Determine b(35).
-8
Let n(u) = 3*u + 20. Determine n(-9).
-7
Let y(m) = 8*m - 7. What is y(2)?
9
Let b(x) = -9*x - 2. Determine b(3).
-29
Let g(b) = -5*b + 93. Calculate g(20).
-7
Let v(l) = -6*l - 2. What is v(-2)?
10
Let a(s) = 3*s**2 - 19*s - 14. Give a(7).
0
Let b(t) = t**3 + 5*t**2 - t - 7. Calculate b(-6).
-37
Let b(n) = -2*n**2 - 3*n + 68. Determine b(5).
3
Let g(r) = -r**3 - r**2 + 3*r + 2. Determine g(-3).
11
Let w(j) = -j**3 + 21*j**2 + 47*j - 52. Calculate w(23).
-29
Let r(b) = b**3 + b**2 + b + 70. What is r(0)?
70
Let a(w) = 2*w**3 + 5*w**2 + w - 4. What is a(-3)?
-16
Let h(w) = -w**3 - 6*w**2 - 8*w - 9. Determine h(-4).
-9
Let v(j) = -j**3 + 5*j**2 + 3*j + 20. What is v(6)?
2
Let p(r) = 8*r - 28. Determine p(3).
-4
Let l(a) = -a**3 - 3*a**2 - 3*a - 33. Calculate l(-4).
-5
Let t(a) = -25*a - 631. Calculate t(-25).
-6
Let j(b) = b**3 - 28*b**2 + 109*b + 148. Calculate j(23).
10
Let h(q) = q + 12. Determine h(0).
12
Let j(z) = -6*z**2 + 1. Calculate j(1).
-5
Let c(j) = -4*j + 3. What is c(-9)?
39
Let a(f) = f**3 - 4*f**2 + 4*f - 16. Determine a(4).
0
Let l(j) = -2*j**2 - j + 27. Determine l(-4).
-1
Let y(u) = -u**2 + 2*u. Calculate y(3).
-3
Let a(f) = f - 15. Determine a(0).
-15
Let y(w) = -w**3 + 4*w**2 + 6*w + 1. Give y(5).
6
Let u(o) = o**2 - 4*o - 52. Give u(10).
8
Let m(k) = 2*k**3 - 73*k**2 - 35*k - 77. Give m(37).
-3
Let h(g) = -2*g**3 + 5*g**2 + 8*g. Determine h(6).
-204
Let f(h) = -h**3 - 2*h**2 + 2*h + 4. Give f(-3).
7
Let p(b) = b**2 + 21*b + 93. Calculate p(-13).
-11
Let z(a) = a**2 - 10*a + 3. Calculate z(12).
27
Let p(z) = 38*z + 2. What is p(1)?
40
Let t(d) = d**3 - 6*d**2 + d - 11. Determine t(5).
-31
Let g(z) = -7*z**2 - 10*z + 23. Calculate g(4).
-129
Let h(w) = -w**2 + 23*w - 36. Give h(21).
6
Let q(a) = 2*a**3 + 29*a**2 - 18*a - 36. What is q(-15)?
9
Let u(l) = -l**3 - 43*l**2 - l - 26. Calculate u(-43).
17
Let a(k) = -7*k + 29. What is a(-4)?
57
Let m(g) = g**3 + 9. What is m(0)?
9
Let d(t) = -2*t + 10. Give d(7).
-4
Let t(b) = -b**2 + 7*b + 18. Calculate t(7).
18
Let m(y) = -y**3 - y**2 - 9*y - 3. Calculate m(-3).
42
Let f(m) = -4*m - 2. Calculate f(1).
-6
Let j(r) = 2*r**2 + 9*r + 15. Determine j(-7).
50
Let y(j) = -2*j - 30. What is y(-14)?
-2
Let p(f) = 2*f**2 - 2*f - 1. Determine p(2).
3
Let a(w) = w**3 + 3*w**2 - 11*w - 25. Give a(-5).
-20
Let p(w) = -2*w + 32. Calculate p(-14).
60
Let f(w) = -w**3 + 9*w**2 - 17*w + 13. Calculate f(7).
-8
Let t(z) = z**2 + 5*z - 42. Give t(8).
62
Let j(g) = g**3 - g**2 + 4. Calculate j(-3).
-32
Let v(m) = m**3 - 2*m**2 - 30*m + 82. Calculate v(4).
-6
Let m(r) = 2*r**3 + 9*r**2 + 2*r - 11. Determine m(-4).
-3
Let z(m) = m + 13. Calculate z(9).
22
Let z(d) = 2*d + 9. Determine z(0).
9
Let i(w) = -20*w - 197. Determine i(-8).
-37
Let w(j) = -j**3 - 3*j**2 + 8*j + 4. Calculate w(-5).
14
Let r(k) = -12*k + 42. What is r(4)?
-6
Let p(v) = -2*v**3 - 4*v**2 - 5*v - 2. Calculate p(-2).
8
Let h(g) = 21*g + 19. Determine h(1).
40
Let o(m) = -m**3 - 26. Determine o(0).
-26
Let r(c) = 3*c**2 - 13*c - 35. Determine r(6).
-5
Let j(o) = o + 5. Determine j(-2).
3
Let r(b) = -3*b + 4. Calculate r(-4).
16
Let t(w) = -11*w + 477. Calculate t(43).
4
Let m(f) = -f**2 - 30*f - 39. Give m(-28).
17
Let s(x) = -15*x. Determine s(2).
-30
Let g(f) = 5*f - 27. Calculate g(6).
3
Let f(j) = -j**3 - 34*j**2 - 33*j + 68. Calculate f(-33).
68
Let j(p) = -p**2 - 11*p + 26. Calculate j(-12).
14
Let h(j) = j**2 + 9*j - 3. What is h(2)?
19
Let f(d) = -2*d**2 + 40*d + 17. Determine f(21).
-25
Let v(z) = -2*z**3 + 33*z**2 + 18*z - 11. Determine v(17).
6
Let o(c) = -6*c**2 + 17*c - 5. Calculate o(3).
-8
Let k(v) = 9*v + 48. Calculate k(-5).
3
Let z(g) = -g**3 + 10*g**2 + 2*g - 12. What is z(10)?
8
Let s(v) = -32*v + 348. Calculate s(11).
-4
Let g(d) = 12*d**2 - 1. Determine g(2).
47
Let y(j) = j**3 + 11*j**2 + 8*j + 9. What is y(-10)?
29
Let x(u) = -u**3 + 9*u**2 - 16*u - 9. Calculate x(6).
3
Let y(x) = -14*x + 1. Calculate y(2).
-27
Let q(z) = z + 9. Give q(7).
16
Let y(s) = -s**3 - 41*s**2 + 86*s - 19. Calculate y(-43).
-19
Let o(d) = -7*d + 140. What is o(21)?
-7
Let c(z) = -z**2 + 12*z - 9. Determine c(14).
-37
Let w(r) = r**2 - 8*r + 6. Give w(8).
6
Let z(q) = -q**3 + 10*q**2 + 5*q - 4. Give z(10).
46
Let i(g) = -2*g**2 - 12*g + 159. What is i(-12)?
15
Let w(f) = -2*f**3 + 7*f**2 + 6*f - 8. Calculate w(4).
0
Let w(c) = -c**3 + 11*c**2 - c + 9. What is w(11)?
-2
Let a(c) = 12*c + 4. Determine a(2).
28
Let z(o) = o**2 - 8*o - 3. Determine z(10).
17
Let u(v) = -v**2 - 7*v + 7. Calculate u(-7).
7
Let v(f) = 91*f + 549. What is v(-6)?
3
Let n(w) = w**3 - 10*w**2 + 11*w - 12. Calculate n(9).
6
Let v(w) = w**3 + 21*w**2 - 2*w - 32. Determine v(-21).
10
Let t(d) = d**3 + 5*d**2 + 10*d + 6. Give t(-4).
-18
Let v(t) = 4*t - 70. What is v(-9)?
-106
Let a(b) = -b**2 - 35*b - 96. Give a(-32).
0
Let o(d) = d**2 - 9*d + 12. Calculate o(10).
22
Let n(j) = -j**3 + 8*j**2 - 7*j - 6. Give n(7).
-6
Let h(t) = 14*t - 23. What is h(2)?
5
Let i(b) = 49*b. What is i(-1)?
-49
Let m(h) = 7*h + 107. What is m(-15)?
2
Let i(h) = h**2 - 19*h - 13. What is i(21)?
29
Let s(q) = -49*q + 233. Give s(5).
-12
Let k(s) = s**3 - 6*s**2 - 7*s + 2. Give k(7).
2
Let b(t) = -t**3 + 3*t + 9. What is b(4)?
-43
Let n(m) = m**2 + 3*m - 9. Determine n(-7).
19
Let j(o) = o**2 - 19*o + 32. Calculate j(13).
-46
Let z(p) = 2*p**3 - 9*p**2 - 5*p + 12. Give z(5).
12
Let n(r) = r**3 - 5*r**2 - 11*r + 21. Calculate n(6).
-9
Let t(w) = -w**3 - 2*w**2 + 4*w - 20. Determine t(-6).
100
Let g(o) = -o - 23. Give g(-7).
-16
Let y(w) = 46*w - 13. Determine y(1).
33
Let f(o) = o**3 - 6*o**2 + 9*o - 13. Give f(3).
-13
Let j(w) = 10*w - 140. What is j(15)?
10
Let o(d) = d**2 + 8*d - 8. Determine o(-7).
-15
Let q(y) = -12*y**3 - 2*y**2. What is q(-1)?
10
Let d(k) = 156*k + 461. Calculate d(-3).
-7
Let f(x) = x**3 + 13*x**2 + 3*x + 4. Calculate f(-13).
-35
Let h(z) = -z**3 + 22*z**2 - 15*z - 126. Determine h(21).
0
Let c(x) = -13*x**3 + x**2 - x - 1. Determine c(-1).
14
Let g(h) = h**3 - 6*h**2 + h - 5. Give g(6).
1
Let t(s) = -4*s**3 - s**2 - 2*s + 3. Calculate t(1).
-4
Let x(b) = 2*b - 9. Give x(18).
27
Let t(v) = -v**2 - 8*v - 1. What is t(-4)?
15
Let b(l) = -9*l**2 - 6*l - 5. What is b(-1)?
-8
Let n(r) = -r**2 - 16*r - 17. Calculate n(-12).
31
Let w(n) = -n**3 + 10*n**2 - 3*n - 10. Give w(10).
-40
Let i(q) = -q**2 + 50*q + 172. Determine i(53).
13
Let c(t) = t**2 - 20*t - 476. Calculate c(34).
0
Let l(g) = g + 18. What is l(-8)?
10
Let u(m) = m**3 - 4*m**2 + 5*m - 12. Calculate u(5).
38
Let r(s) = -4*s - 15. Give r(-5).
5
Let q(m) = 3*m**3 + 10*m**2 - 5*m + 4. Calculate q(-4).
-8
Let u(v) = 4*v - 3. Determine u(3).
9
Let j(a) = 4*a**3 + 33*a**2 + 17*a + 69. Calculate j(-8).
-3
Let h(o) = -o**2 + 10*o - 1. Determine h(9).
8
Let u(t) = -20*t - 116. Determine u(-6).
4
Let t(i) = -19*i**3 + 2*i**2 - 1. What is t(-1)?
20
Let j(o) = o**3 - o**2 - 18*o - 5. Give j(5).
5
Let y(f) = 8*f**2 - f - 3. Give y(2).
27
Let d(g) = -11*g - 195. Determine d(-15).
-30
Let f(d) = -d**3 - 5*d**2 - 2*d + 4. Give f(-3).
-8
Let m(k) = k**2 + 8*k + 8. Calculate m(-7).
1
Let h(k) = k**3 + 5*k**2 + 6*k + 8. Calculate h(-4).
0
Let n(f) = -7*f + 87. What is n(12)?
3
Let s(o) = -13*o**2 - 9*o - 4. Give s(-2).
-38
Let l(x) = -x**3 - 7*x**2 + 2*x + 15. Calculate l(-7).
1
Let c(r) = -32*r - 352. What is c(-11)?
0
Let p(t) = t + 4. What is p(4)?
8
Let g(o) = -o**2 - 51*o + 110. Give g(-53).
4
Let n(f) = f**2 - 12*f + 1